{"id":22,"date":"2025-10-09T13:10:33","date_gmt":"2025-10-09T11:10:33","guid":{"rendered":"https:\/\/guadaikidoclub.fr\/?page_id=22"},"modified":"2025-10-09T14:37:40","modified_gmt":"2025-10-09T12:37:40","slug":"notre-flyer-pour-cette-rentree-2025-2026","status":"publish","type":"page","link":"https:\/\/guadaikidoclub.fr\/","title":{"rendered":"Notre flyer pour cette rentr\u00e9e 2025-2026"},"content":{"rendered":"\n<figure class=\"wp-block-image size-full is-resized\"><img loading=\"lazy\" decoding=\"async\" width=\"748\" height=\"16\" src=\"https:\/\/guadaikidoclub.fr\/wp-content\/uploads\/2025\/10\/2025_10_09_image_white_small.png\" alt=\"\" class=\"wp-image-84\" style=\"width:935px;height:auto\" srcset=\"https:\/\/guadaikidoclub.fr\/wp-content\/uploads\/2025\/10\/2025_10_09_image_white_small.png 748w, https:\/\/guadaikidoclub.fr\/wp-content\/uploads\/2025\/10\/2025_10_09_image_white_small-300x6.png 300w\" sizes=\"auto, (max-width: 748px) 100vw, 748px\" \/><\/figure>\n\n\n\n<p class=\"has-text-align-center\" style=\"font-size:0.8rem\">N&#8217;h\u00e9sitez pas \u00e0 nous contacter aux coordonn\u00e9es ci-dessous pour toute information compl\u00e9mentaire.<\/p>\n\n\n\n<figure class=\"wp-block-image aligncenter size-full\"><img loading=\"lazy\" decoding=\"async\" width=\"374\" height=\"540\" src=\"http:\/\/guadaikidoclub.fr\/wp-content\/uploads\/2025\/10\/2025_07_31_guadaikidoclub_flyer_v2025a_small.png\" alt=\"Notre flyer pour la rentr\u00e9e 2025-2026\" class=\"wp-image-52\" srcset=\"https:\/\/guadaikidoclub.fr\/wp-content\/uploads\/2025\/10\/2025_07_31_guadaikidoclub_flyer_v2025a_small.png 374w, https:\/\/guadaikidoclub.fr\/wp-content\/uploads\/2025\/10\/2025_07_31_guadaikidoclub_flyer_v2025a_small-208x300.png 208w\" sizes=\"auto, (max-width: 374px) 100vw, 374px\" \/><\/figure>\n\n\n\n<figure class=\"wp-block-image size-full\"><img loading=\"lazy\" decoding=\"async\" width=\"748\" height=\"32\" src=\"http:\/\/guadaikidoclub.fr\/wp-content\/uploads\/2025\/10\/2025_10_09_image_white.png\" alt=\"\" class=\"wp-image-41\" srcset=\"https:\/\/guadaikidoclub.fr\/wp-content\/uploads\/2025\/10\/2025_10_09_image_white.png 748w, https:\/\/guadaikidoclub.fr\/wp-content\/uploads\/2025\/10\/2025_10_09_image_white-300x13.png 300w\" sizes=\"auto, (max-width: 748px) 100vw, 748px\" \/><\/figure>\n","protected":false},"excerpt":{"rendered":"<p>N&#8217;h\u00e9sitez pas \u00e0 nous contacter aux coordonn\u00e9es ci-dessous pour toute information compl\u00e9mentaire.<\/p>\n","protected":false},"author":1,"featured_media":0,"parent":0,"menu_order":0,"comment_status":"closed","ping_status":"closed","template":"","meta":{"footnotes":""},"class_list":["post-22","page","type-page","status-publish","hentry"],"_links":{"self":[{"href":"https:\/\/guadaikidoclub.fr\/index.php\/wp-json\/wp\/v2\/pages\/22","targetHints":{"allow":["GET"]}}],"collection":[{"href":"https:\/\/guadaikidoclub.fr\/index.php\/wp-json\/wp\/v2\/pages"}],"about":[{"href":"https:\/\/guadaikidoclub.fr\/index.php\/wp-json\/wp\/v2\/types\/page"}],"author":[{"embeddable":true,"href":"https:\/\/guadaikidoclub.fr\/index.php\/wp-json\/wp\/v2\/users\/1"}],"replies":[{"embeddable":true,"href":"https:\/\/guadaikidoclub.fr\/index.php\/wp-json\/wp\/v2\/comments?post=22"}],"version-history":[{"count":23,"href":"https:\/\/guadaikidoclub.fr\/index.php\/wp-json\/wp\/v2\/pages\/22\/revisions"}],"predecessor-version":[{"id":85,"href":"https:\/\/guadaikidoclub.fr\/index.php\/wp-json\/wp\/v2\/pages\/22\/revisions\/85"}],"wp:attachment":[{"href":"https:\/\/guadaikidoclub.fr\/index.php\/wp-json\/wp\/v2\/media?parent=22"}],"curies":[{"name":"wp","href":"https:\/\/api.w.org\/{rel}","templated":true}]}}